{"id":312,"date":"2020-02-16T12:32:53","date_gmt":"2020-02-16T11:32:53","guid":{"rendered":"https:\/\/reklame-ufholz.de\/?page_id=312"},"modified":"2020-02-29T15:55:21","modified_gmt":"2020-02-29T14:55:21","slug":"lkw-und-bus-beschriftungen","status":"publish","type":"page","link":"https:\/\/reklame-ufholz.de\/?page_id=312","title":{"rendered":"LKW- und Bus-Beschriftungen"},"content":{"rendered":"\n\t\t\t\t<a href=\"https:\/\/reklame-ufholz.de\/?page_id=438\" target=\"_self\" itemprop=\"url\" rel=\"noopener noreferrer\">\n\t\t\t\t<img loading=\"lazy\" decoding=\"async\" src=\"https:\/\/reklame-ufholz.de\/wp-content\/uploads\/2020\/02\/Logo_klein-1.png\" alt=\"Logo_klein\" itemprop=\"image\" height=\"111\" width=\"127\" title=\"Logo_klein\" onerror=\"this.style.display='none'\"  \/>\n\t\t\t\t<\/a>\n\t\t\t\t<a href=\"https:\/\/reklame-ufholz.de\/?page_id=438\" target=\"_self\" itemprop=\"url\" rel=\"noopener noreferrer\">\n\t\t\t\t<img loading=\"lazy\" decoding=\"async\" src=\"https:\/\/reklame-ufholz.de\/wp-content\/uploads\/2020\/02\/Schriftzug-1024x85.png\" alt=\"Schriftzug\" itemprop=\"image\" height=\"85\" width=\"1024\" title=\"Schriftzug\" onerror=\"this.style.display='none'\"  \/>\n\t\t\t\t<\/a>\n<h1>\n\t\t<a href=\"#Referenz\" title=\"LKW- und Busbeschriftungen\" target=\"_self\" rel=\"noopener noreferrer\">\n\t\tLKW- und Busbeschriftungen\n\t\t<\/a>\n\t<\/h1>\n\t<p>Ob Kofferaufbau, Planen-LKW, Tankzug oder Bus, Fahrzeugbeschriftungen bringen Ihre Werbung auf die Stra\u00dfe und erh\u00f6hen deutlich die Reichweite Ihrer Werbung. Daher ist die Nutzung dieser Werbefl\u00e4che unerl\u00e4sslich f\u00fcr ein erfolgreiches Werbekonzept. Besonders LKW und Busse bieten viel nutzbare Werbefl\u00e4che.<\/p>\n<p>In unserer Werkstatt mit einer speziell f\u00fcr Fahrzeugbeschriftungen eingerichteten Halle k\u00f6nnen wir wetterunabh\u00e4ngig Beschriftungen von LKW und Bussen bis zu einer L\u00e4nge von 15 m vornehmen.<\/p>\n<p>&nbsp;<\/p>\n<p>Wir beschriften f\u00fcr Sie mit:<\/p>\n<ul>\n<li>Folien<\/li>\n<li>Digitaldrucken<\/li>\n<li>Farben &amp; Lacken<\/li>\n<\/ul>\n<p>&nbsp;<\/p>\n\t<h1>Referenzbeispiele<\/h1>\n\t\t\t\t<img loading=\"lazy\" decoding=\"async\" src=\"https:\/\/reklame-ufholz.de\/wp-content\/uploads\/2020\/01\/DSC06157-scaled.jpg\" alt=\"DSC06157\" itemprop=\"image\" height=\"1124\" width=\"2560\" title=\"DSC06157\" onerror=\"this.style.display='none'\"  \/>\n\t\t\t\t<img loading=\"lazy\" decoding=\"async\" src=\"https:\/\/reklame-ufholz.de\/wp-content\/uploads\/2020\/01\/DSC01889-scaled.jpg\" alt=\"DSC01889\" itemprop=\"image\" height=\"1920\" width=\"2560\" title=\"DSC01889\" onerror=\"this.style.display='none'\"  \/>\n\t\t\t\t<img loading=\"lazy\" decoding=\"async\" src=\"https:\/\/reklame-ufholz.de\/wp-content\/uploads\/2020\/01\/20190524_121723-scaled.jpg\" alt=\"20190524_121723\" itemprop=\"image\" height=\"1920\" width=\"2560\" title=\"20190524_121723\" onerror=\"this.style.display='none'\"  \/>\n\t\t\t\t<img loading=\"lazy\" decoding=\"async\" src=\"https:\/\/reklame-ufholz.de\/wp-content\/uploads\/2020\/01\/20171016_133651-scaled.jpg\" alt=\"20171016_133651\" itemprop=\"image\" height=\"2560\" width=\"1440\" title=\"20171016_133651\" onerror=\"this.style.display='none'\"  \/>\n\t\t\t\t<img loading=\"lazy\" decoding=\"async\" src=\"https:\/\/reklame-ufholz.de\/wp-content\/uploads\/2020\/01\/20170524_193344-scaled.jpg\" alt=\"20170524_193344\" itemprop=\"image\" height=\"1920\" width=\"2560\" title=\"20170524_193344\" onerror=\"this.style.display='none'\"  \/>\n\t\t\t\t<img loading=\"lazy\" decoding=\"async\" src=\"https:\/\/reklame-ufholz.de\/wp-content\/uploads\/2020\/01\/OGA_Bruchsal_Sattelauflieger_PICT0866-scaled.jpg\" alt=\"KONICA MINOLTA DIGITAL CAMERA\" itemprop=\"image\" height=\"1920\" width=\"2560\" title=\"KONICA MINOLTA DIGITAL CAMERA\" onerror=\"this.style.display='none'\"  \/>\n\t\t\t\t<img loading=\"lazy\" decoding=\"async\" src=\"https:\/\/reklame-ufholz.de\/wp-content\/uploads\/2020\/01\/IMG_4789-scaled.jpg\" alt=\"IMG_4789\" itemprop=\"image\" height=\"2560\" width=\"1920\" title=\"IMG_4789\" onerror=\"this.style.display='none'\"  \/>\n\t\t\t\t<img loading=\"lazy\" decoding=\"async\" src=\"https:\/\/reklame-ufholz.de\/wp-content\/uploads\/2020\/01\/DSC06134.jpg\" alt=\"DSC06134\" itemprop=\"image\" height=\"2212\" width=\"2181\" title=\"DSC06134\" onerror=\"this.style.display='none'\"  \/>\n\t\t\t\t<img loading=\"lazy\" decoding=\"async\" src=\"https:\/\/reklame-ufholz.de\/wp-content\/uploads\/2020\/01\/DSC01888-scaled.jpg\" alt=\"DSC01888\" itemprop=\"image\" height=\"1920\" width=\"2560\" title=\"DSC01888\" onerror=\"this.style.display='none'\"  \/>\n\t\t\t\t<img loading=\"lazy\" decoding=\"async\" src=\"https:\/\/reklame-ufholz.de\/wp-content\/uploads\/2020\/01\/20180823_120939-scaled.jpg\" alt=\"20180823_120939\" itemprop=\"image\" height=\"2560\" width=\"1920\" title=\"20180823_120939\" onerror=\"this.style.display='none'\"  \/>\n\t\t\t\t<img loading=\"lazy\" decoding=\"async\" src=\"https:\/\/reklame-ufholz.de\/wp-content\/uploads\/2020\/01\/Roth_Tankanh\u00e4nger_Seite_PICT2249-scaled.jpg\" alt=\"KONICA MINOLTA DIGITAL CAMERA\" itemprop=\"image\" height=\"1920\" width=\"2560\" title=\"KONICA MINOLTA DIGITAL CAMERA\" onerror=\"this.style.display='none'\"  \/>\n\t\t\t\t<img loading=\"lazy\" decoding=\"async\" src=\"https:\/\/reklame-ufholz.de\/wp-content\/uploads\/2020\/01\/20170524_130108-scaled.jpg\" alt=\"20170524_130108\" itemprop=\"image\" height=\"1920\" width=\"2560\" title=\"20170524_130108\" onerror=\"this.style.display='none'\"  \/>\n\t\t\t\t<img loading=\"lazy\" decoding=\"async\" src=\"https:\/\/reklame-ufholz.de\/wp-content\/uploads\/2020\/01\/OGA_Bruchsal_Sattelauflieger_PICT0865-scaled.jpg\" alt=\"KONICA MINOLTA DIGITAL CAMERA\" itemprop=\"image\" height=\"1920\" width=\"2560\" title=\"KONICA MINOLTA DIGITAL CAMERA\" onerror=\"this.style.display='none'\"  \/>\n\t\t<h3>Sie haben Fragen? Kontaktieren Sie uns!<\/h3>\n\t\t\t<a href=\"https:\/\/reklame-ufholz.de\/?page_id=18\" target=\"_self\" role=\"button\" rel=\"noopener noreferrer\">\n\t\t\t\t\t\tKontakt aufnehmen\n\t\t\t\t\t<\/a>\n","protected":false},"excerpt":{"rendered":"<p>LKW- und Busbeschriftungen Ob Kofferaufbau, Planen-LKW, Tankzug oder Bus, Fahrzeugbeschriftungen bringen Ihre Werbung auf die Stra\u00dfe und erh\u00f6hen deutlich die Reichweite Ihrer Werbung. Daher ist die Nutzung dieser Werbefl\u00e4che unerl\u00e4sslich f\u00fcr ein erfolgreiches Werbekonzept. Besonders LKW und Busse bieten viel nutzbare Werbefl\u00e4che. In unserer Werkstatt mit einer speziell f\u00fcr Fahrzeugbeschriftungen eingerichteten Halle k\u00f6nnen wir wetterunabh\u00e4ngig&hellip;<\/p>\n","protected":false},"author":1,"featured_media":0,"parent":0,"menu_order":0,"comment_status":"closed","ping_status":"closed","template":"tpl-no-header-footer.php","meta":{"footnotes":""},"class_list":["post-312","page","type-page","status-publish","hentry"],"yoast_head":"<!-- This site is optimized with the Yoast SEO plugin v26.3 - https:\/\/yoast.com\/wordpress\/plugins\/seo\/ -->\n<title>LKW- und Bus-Beschriftungen - Reklame Ufholz<\/title>\n<meta name=\"robots\" content=\"index, follow, max-snippet:-1, max-image-preview:large, max-video-preview:-1\" \/>\n<link rel=\"canonical\" href=\"https:\/\/reklame-ufholz.de\/?page_id=312\" \/>\n<meta property=\"og:locale\" content=\"de_DE\" \/>\n<meta property=\"og:type\" content=\"article\" \/>\n<meta property=\"og:title\" content=\"LKW- und Bus-Beschriftungen - Reklame Ufholz\" \/>\n<meta property=\"og:description\" content=\"LKW- und Busbeschriftungen Ob Kofferaufbau, Planen-LKW, Tankzug oder Bus, Fahrzeugbeschriftungen bringen Ihre Werbung auf die Stra\u00dfe und erh\u00f6hen deutlich die Reichweite Ihrer Werbung. Daher ist die Nutzung dieser Werbefl\u00e4che unerl\u00e4sslich f\u00fcr ein erfolgreiches Werbekonzept. Besonders LKW und Busse bieten viel nutzbare Werbefl\u00e4che. In unserer Werkstatt mit einer speziell f\u00fcr Fahrzeugbeschriftungen eingerichteten Halle k\u00f6nnen wir wetterunabh\u00e4ngig&hellip;\" \/>\n<meta property=\"og:url\" content=\"https:\/\/reklame-ufholz.de\/?page_id=312\" \/>\n<meta property=\"og:site_name\" content=\"Reklame Ufholz\" \/>\n<meta property=\"article:modified_time\" content=\"2020-02-29T14:55:21+00:00\" \/>\n<meta property=\"og:image\" content=\"https:\/\/reklame-ufholz.de\/wp-content\/uploads\/2020\/02\/Logo_klein-1.png\" \/>\n<meta name=\"twitter:card\" content=\"summary_large_image\" \/>\n<script type=\"application\/ld+json\" class=\"yoast-schema-graph\">{\"@context\":\"https:\/\/schema.org\",\"@graph\":[{\"@type\":\"WebPage\",\"@id\":\"https:\/\/reklame-ufholz.de\/?page_id=312\",\"url\":\"https:\/\/reklame-ufholz.de\/?page_id=312\",\"name\":\"LKW- und Bus-Beschriftungen - Reklame Ufholz\",\"isPartOf\":{\"@id\":\"https:\/\/reklame-ufholz.de\/#website\"},\"primaryImageOfPage\":{\"@id\":\"https:\/\/reklame-ufholz.de\/?page_id=312#primaryimage\"},\"image\":{\"@id\":\"https:\/\/reklame-ufholz.de\/?page_id=312#primaryimage\"},\"thumbnailUrl\":\"https:\/\/reklame-ufholz.de\/wp-content\/uploads\/2020\/02\/Logo_klein-1.png\",\"datePublished\":\"2020-02-16T11:32:53+00:00\",\"dateModified\":\"2020-02-29T14:55:21+00:00\",\"breadcrumb\":{\"@id\":\"https:\/\/reklame-ufholz.de\/?page_id=312#breadcrumb\"},\"inLanguage\":\"de\",\"potentialAction\":[{\"@type\":\"ReadAction\",\"target\":[\"https:\/\/reklame-ufholz.de\/?page_id=312\"]}]},{\"@type\":\"ImageObject\",\"inLanguage\":\"de\",\"@id\":\"https:\/\/reklame-ufholz.de\/?page_id=312#primaryimage\",\"url\":\"https:\/\/reklame-ufholz.de\/wp-content\/uploads\/2020\/02\/Logo_klein-1.png\",\"contentUrl\":\"https:\/\/reklame-ufholz.de\/wp-content\/uploads\/2020\/02\/Logo_klein-1.png\",\"width\":127,\"height\":111},{\"@type\":\"BreadcrumbList\",\"@id\":\"https:\/\/reklame-ufholz.de\/?page_id=312#breadcrumb\",\"itemListElement\":[{\"@type\":\"ListItem\",\"position\":1,\"name\":\"Startseite\",\"item\":\"https:\/\/reklame-ufholz.de\/\"},{\"@type\":\"ListItem\",\"position\":2,\"name\":\"LKW- und Bus-Beschriftungen\"}]},{\"@type\":\"WebSite\",\"@id\":\"https:\/\/reklame-ufholz.de\/#website\",\"url\":\"https:\/\/reklame-ufholz.de\/\",\"name\":\"Reklame Ufholz\",\"description\":\"Ihr Werbetechnik-Partner im Raum Karlsruhe\",\"potentialAction\":[{\"@type\":\"SearchAction\",\"target\":{\"@type\":\"EntryPoint\",\"urlTemplate\":\"https:\/\/reklame-ufholz.de\/?s={search_term_string}\"},\"query-input\":{\"@type\":\"PropertyValueSpecification\",\"valueRequired\":true,\"valueName\":\"search_term_string\"}}],\"inLanguage\":\"de\"}]}<\/script>\n<!-- \/ Yoast SEO plugin. -->","yoast_head_json":{"title":"LKW- und Bus-Beschriftungen - Reklame Ufholz","robots":{"index":"index","follow":"follow","max-snippet":"max-snippet:-1","max-image-preview":"max-image-preview:large","max-video-preview":"max-video-preview:-1"},"canonical":"https:\/\/reklame-ufholz.de\/?page_id=312","og_locale":"de_DE","og_type":"article","og_title":"LKW- und Bus-Beschriftungen - Reklame Ufholz","og_description":"LKW- und Busbeschriftungen Ob Kofferaufbau, Planen-LKW, Tankzug oder Bus, Fahrzeugbeschriftungen bringen Ihre Werbung auf die Stra\u00dfe und erh\u00f6hen deutlich die Reichweite Ihrer Werbung. Daher ist die Nutzung dieser Werbefl\u00e4che unerl\u00e4sslich f\u00fcr ein erfolgreiches Werbekonzept. Besonders LKW und Busse bieten viel nutzbare Werbefl\u00e4che. In unserer Werkstatt mit einer speziell f\u00fcr Fahrzeugbeschriftungen eingerichteten Halle k\u00f6nnen wir wetterunabh\u00e4ngig&hellip;","og_url":"https:\/\/reklame-ufholz.de\/?page_id=312","og_site_name":"Reklame Ufholz","article_modified_time":"2020-02-29T14:55:21+00:00","og_image":[{"url":"https:\/\/reklame-ufholz.de\/wp-content\/uploads\/2020\/02\/Logo_klein-1.png","type":"","width":"","height":""}],"twitter_card":"summary_large_image","schema":{"@context":"https:\/\/schema.org","@graph":[{"@type":"WebPage","@id":"https:\/\/reklame-ufholz.de\/?page_id=312","url":"https:\/\/reklame-ufholz.de\/?page_id=312","name":"LKW- und Bus-Beschriftungen - Reklame Ufholz","isPartOf":{"@id":"https:\/\/reklame-ufholz.de\/#website"},"primaryImageOfPage":{"@id":"https:\/\/reklame-ufholz.de\/?page_id=312#primaryimage"},"image":{"@id":"https:\/\/reklame-ufholz.de\/?page_id=312#primaryimage"},"thumbnailUrl":"https:\/\/reklame-ufholz.de\/wp-content\/uploads\/2020\/02\/Logo_klein-1.png","datePublished":"2020-02-16T11:32:53+00:00","dateModified":"2020-02-29T14:55:21+00:00","breadcrumb":{"@id":"https:\/\/reklame-ufholz.de\/?page_id=312#breadcrumb"},"inLanguage":"de","potentialAction":[{"@type":"ReadAction","target":["https:\/\/reklame-ufholz.de\/?page_id=312"]}]},{"@type":"ImageObject","inLanguage":"de","@id":"https:\/\/reklame-ufholz.de\/?page_id=312#primaryimage","url":"https:\/\/reklame-ufholz.de\/wp-content\/uploads\/2020\/02\/Logo_klein-1.png","contentUrl":"https:\/\/reklame-ufholz.de\/wp-content\/uploads\/2020\/02\/Logo_klein-1.png","width":127,"height":111},{"@type":"BreadcrumbList","@id":"https:\/\/reklame-ufholz.de\/?page_id=312#breadcrumb","itemListElement":[{"@type":"ListItem","position":1,"name":"Startseite","item":"https:\/\/reklame-ufholz.de\/"},{"@type":"ListItem","position":2,"name":"LKW- und Bus-Beschriftungen"}]},{"@type":"WebSite","@id":"https:\/\/reklame-ufholz.de\/#website","url":"https:\/\/reklame-ufholz.de\/","name":"Reklame Ufholz","description":"Ihr Werbetechnik-Partner im Raum Karlsruhe","potentialAction":[{"@type":"SearchAction","target":{"@type":"EntryPoint","urlTemplate":"https:\/\/reklame-ufholz.de\/?s={search_term_string}"},"query-input":{"@type":"PropertyValueSpecification","valueRequired":true,"valueName":"search_term_string"}}],"inLanguage":"de"}]}},"_links":{"self":[{"href":"https:\/\/reklame-ufholz.de\/index.php?rest_route=\/wp\/v2\/pages\/312","targetHints":{"allow":["GET"]}}],"collection":[{"href":"https:\/\/reklame-ufholz.de\/index.php?rest_route=\/wp\/v2\/pages"}],"about":[{"href":"https:\/\/reklame-ufholz.de\/index.php?rest_route=\/wp\/v2\/types\/page"}],"author":[{"embeddable":true,"href":"https:\/\/reklame-ufholz.de\/index.php?rest_route=\/wp\/v2\/users\/1"}],"replies":[{"embeddable":true,"href":"https:\/\/reklame-ufholz.de\/index.php?rest_route=%2Fwp%2Fv2%2Fcomments&post=312"}],"version-history":[{"count":8,"href":"https:\/\/reklame-ufholz.de\/index.php?rest_route=\/wp\/v2\/pages\/312\/revisions"}],"predecessor-version":[{"id":538,"href":"https:\/\/reklame-ufholz.de\/index.php?rest_route=\/wp\/v2\/pages\/312\/revisions\/538"}],"wp:attachment":[{"href":"https:\/\/reklame-ufholz.de\/index.php?rest_route=%2Fwp%2Fv2%2Fmedia&parent=312"}],"curies":[{"name":"wp","href":"https:\/\/api.w.org\/{rel}","templated":true}]}}